{"id":657,"date":"2022-09-24T19:40:17","date_gmt":"2022-09-24T17:40:17","guid":{"rendered":"https:\/\/assochemindesetoiles.com\/?page_id=657"},"modified":"2026-03-09T14:22:31","modified_gmt":"2026-03-09T13:22:31","slug":"bienvenue-sur-notre-site","status":"publish","type":"page","link":"https:\/\/assochemindesetoiles.com\/","title":{"rendered":"Bienvenue sur le site de l&rsquo;association Chemin Des Etoiles"},"content":{"rendered":"\n<div class=\"wp-block-group is-nowrap is-layout-flex wp-container-core-group-is-layout-ad2f72ca wp-block-group-is-layout-flex\">\n<p class=\"has-text-align-center has-text-color\" style=\"color:#ea4974;font-size:34px\">L&rsquo;association Chemin des Etoiles est une association de soutien aux familles&nbsp; endeuill\u00e9s par la perte d&rsquo;un b\u00e9b\u00e9, pendant la grossesse, pendant l&rsquo;accouchement, ou la premi\u00e8re ann\u00e9e de vie.<\/p>\n\n\n\n<div class=\"wp-block-cover\"><img fetchpriority=\"high\" decoding=\"async\" width=\"417\" height=\"590\" class=\"wp-block-cover__image-background wp-image-962\" alt=\"\" src=\"https:\/\/assochemindesetoiles.com\/wp-content\/uploads\/2026\/03\/image.png\" data-object-fit=\"cover\" srcset=\"https:\/\/assochemindesetoiles.com\/wp-content\/uploads\/2026\/03\/image.png 417w, https:\/\/assochemindesetoiles.com\/wp-content\/uploads\/2026\/03\/image-212x300.png 212w, https:\/\/assochemindesetoiles.com\/wp-content\/uploads\/2026\/03\/image-191x270.png 191w\" sizes=\"(max-width: 417px) 100vw, 417px\" \/><span aria-hidden=\"true\" class=\"wp-block-cover__background has-background-dim\"><\/span><div class=\"wp-block-cover__inner-container is-layout-flow wp-block-cover-is-layout-flow\">\n<p class=\"has-text-align-center has-large-font-size\"><\/p>\n<\/div><\/div>\n<\/div>\n\n\n\n<h2 class=\"wp-block-heading has-text-align-center has-large-font-size\">Sur notre site vous trouverez :<\/h2>\n\n\n\n<p class=\"has-text-align-center\"><strong><mark style=\"background-color:rgba(0, 0, 0, 0)\" class=\"has-inline-color has-vivid-cyan-blue-color\">Nos \u00e9v\u00e8nements :<\/mark><\/strong>&nbsp;<\/p>\n\n\n\n<p class=\"has-text-align-center\"><mark style=\"background-color:rgba(0, 0, 0, 0)\" class=\"has-inline-color has-black-color\">L\u00e2chers de ballons, marche du 15 octobre \u00ab journ\u00e9e internationale du deuil p\u00e9rinatal \u00bb, rencontres caf\u00e9-parents, le sapin de No\u00ebl, les ateliers Bien-\u00eatre et D\u00e9tente, les ateliers Loisirs et Cr\u00e9ations et tous les autre petits projets de l&rsquo;association<\/mark><strong><mark style=\"background-color:rgba(0, 0, 0, 0)\" class=\"has-inline-color has-black-color\">.<\/mark><\/strong><\/p>\n\n\n\n<p class=\"has-text-align-center\"><strong>Prochain \u00e9v\u00e8nement :<\/strong><\/p>\n\n\n\n<p class=\"has-text-align-center\"><strong><mark style=\"background-color:rgba(0, 0, 0, 0);color:#f641cf\" class=\"has-inline-color\">TRAIL DES ETOILES<\/mark><\/strong><\/p>\n\n\n\n<figure class=\"wp-block-image size-large is-resized\"><img decoding=\"async\" width=\"724\" height=\"1024\" src=\"https:\/\/assochemindesetoiles.com\/wp-content\/uploads\/2026\/03\/image-1-724x1024.png\" alt=\"\" class=\"wp-image-963\" style=\"width:840px;height:auto\" srcset=\"https:\/\/assochemindesetoiles.com\/wp-content\/uploads\/2026\/03\/image-1-724x1024.png 724w, https:\/\/assochemindesetoiles.com\/wp-content\/uploads\/2026\/03\/image-1-212x300.png 212w, https:\/\/assochemindesetoiles.com\/wp-content\/uploads\/2026\/03\/image-1-768x1086.png 768w, https:\/\/assochemindesetoiles.com\/wp-content\/uploads\/2026\/03\/image-1-1086x1536.png 1086w, https:\/\/assochemindesetoiles.com\/wp-content\/uploads\/2026\/03\/image-1-191x270.png 191w, https:\/\/assochemindesetoiles.com\/wp-content\/uploads\/2026\/03\/image-1.png 1448w\" sizes=\"(max-width: 724px) 100vw, 724px\" \/><\/figure>\n\n\n\n<p class=\"has-text-align-center\"><strong><mark style=\"background-color:rgba(0, 0, 0, 0)\" class=\"has-inline-color has-black-color\">Inscriptions via helloasso ( lien ci dessous )<\/mark><\/strong><\/p>\n\n\n\n<p class=\"has-text-align-center\"><a href=\"https:\/\/www.helloasso.com\/...\/even...\/trail-des-etoiles-2026\">https:\/\/www.helloasso.com\/&#8230;\/even&#8230;\/trail-des-etoiles-2026<\/a><\/p>\n\n\n\n<p class=\"has-text-align-center\"><mark style=\"background-color:rgba(0, 0, 0, 0)\" class=\"has-inline-color has-vivid-red-color\"><img decoding=\"async\" height=\"16\" width=\"16\" src=\"https:\/\/static.xx.fbcdn.net\/images\/emoji.php\/v9\/tdc\/1\/16\/26a0.png\" alt=\"\u26a0\ufe0f\">Save the date<img decoding=\"async\" height=\"16\" width=\"16\" src=\"https:\/\/static.xx.fbcdn.net\/images\/emoji.php\/v9\/tdc\/1\/16\/26a0.png\" alt=\"\u26a0\ufe0f\"><\/mark><\/p>\n\n\n\n<p class=\"has-text-align-center\"><mark style=\"background-color:rgba(0, 0, 0, 0)\" class=\"has-inline-color has-vivid-red-color\">L&rsquo;association Chemin des \u00c9toiles est heureuse vous annoncer l&rsquo;organisation de son trail annuel qui se d\u00e9roulera le 22 mars 2026 \u00e0 Marcellus (47).<\/mark><\/p>\n\n\n\n<p class=\"has-text-align-center\">N&rsquo;h\u00e9sitez pas \u00e0 visiter la page Facebook du trail pour \u00eatre au courant des infos !<\/p>\n\n\n\n<p class=\"has-text-align-center\">Lien vers la page FB : <a href=\"https:\/\/fb.me\/e\/5jmv1ITY1\">https:\/\/fb.me\/e\/5jmv1ITY1<\/a><\/p>\n\n\n\n<p class=\"has-text-align-center\">Merci \u00e0 tous !<img loading=\"lazy\" decoding=\"async\" height=\"16\" width=\"16\" src=\"https:\/\/static.xx.fbcdn.net\/images\/emoji.php\/v9\/ted\/1\/16\/1f4ab.png\" alt=\"\ud83d\udcab\"><\/p>\n\n\n\n<p class=\"has-text-align-center\"><strong><mark style=\"background-color:rgba(0, 0, 0, 0)\" class=\"has-inline-color has-vivid-cyan-blue-color\">Les diff\u00e9rents projets en cours ou \u00e0 venir<\/mark><\/strong><\/p>\n\n\n\n<p class=\"has-text-align-center\"><strong><mark style=\"background-color:rgba(0, 0, 0, 0)\" class=\"has-inline-color has-vivid-cyan-blue-color\">Notre collaboration avec les maternit\u00e9s<\/mark><\/strong><\/p>\n\n\n\n<p class=\"has-text-align-center\"><strong><mark style=\"background-color:rgba(0, 0, 0, 0)\" class=\"has-inline-color has-vivid-cyan-blue-color\">Des informations pour aider l&rsquo;association<\/mark><\/strong><\/p>\n\n\n\n<p class=\"has-text-align-center\">&nbsp;(adh\u00e9sions, divers dons, participation \u00e0 la pr\u00e9paration des \u00e9v\u00e8nements, b\u00e9n\u00e9volat le jour des \u00e9v\u00e8nements&#8230;)<\/p>\n\n\n\n<p class=\"has-text-align-center\"><strong><mark style=\"background-color:rgba(0, 0, 0, 0)\" class=\"has-inline-color has-vivid-cyan-blue-color\">Notre&nbsp; collaboration avec le Parc Cimeti\u00e8re de M\u00e9rignac<\/mark><\/strong><\/p>\n\n\n\n<p class=\"has-text-align-center\"><strong><mark style=\"background-color:rgba(0, 0, 0, 0)\" class=\"has-inline-color has-vivid-cyan-blue-color\">Les photos et vid\u00e9os&nbsp;de nos \u00e9v\u00e8nements pass\u00e9s<\/mark><\/strong><\/p>\n\n\n\n<p class=\"has-text-align-center\"><mark style=\"background-color:rgba(0, 0, 0, 0)\" class=\"has-inline-color has-vivid-cyan-blue-color\"><strong>Biblioth\u00e8que&nbsp;pour adultes et enfants, des reportages vid\u00e9os et radios sur le deuil p\u00e9rinatal<\/strong>.<\/mark><\/p>\n\n\n\n<p class=\"has-text-align-center\"><mark style=\"background-color:rgba(0, 0, 0, 0)\" class=\"has-inline-color has-vivid-cyan-blue-color\"><strong>Des informations sur vos droits<\/strong>&nbsp;<\/mark><\/p>\n\n\n\n<p class=\"has-text-align-center\">(l\u00e9gislation, circulaires&#8230;)&nbsp;<\/p>\n\n\n\n<ol style=\"font-style:normal;font-weight:300\" class=\"wp-block-list\">\n<li><\/li>\n<\/ol>\n\n\n\n<p class=\"has-text-align-center has-pale-pink-color has-text-color\">Nous vous souhaitons une bonne visite sur Chemin des Etoiles et nous esp\u00e9rons que vous trouverez les informations que vous cherchez.<\/p>\n\n\n\n<p class=\"has-text-align-center has-vivid-red-color has-text-color has-medium-font-size\">***<strong>Merci \u00e0 nos adh\u00e9rents de nous soutenir, derri\u00e8re chacun de vous se cache une belle \u00e9toile<\/strong>***<\/p>\n\n\n\n<p><\/p>\n\n\n\n<p><\/p>\n\n\n\n<figure class=\"wp-block-embed is-type-video is-provider-youtube wp-block-embed-youtube wp-embed-aspect-16-9 wp-has-aspect-ratio\"><div class=\"wp-block-embed__wrapper\">\n<iframe title=\"Asso chemin des Etoiles, on danse pour la journ\u00e9e du 15 octobre\" width=\"640\" height=\"360\" src=\"https:\/\/www.youtube.com\/embed\/NrBCSCVpsGs?feature=oembed\" frameborder=\"0\" allow=\"accelerometer; autoplay; clipboard-write; encrypted-media; gyroscope; picture-in-picture; web-share\" referrerpolicy=\"strict-origin-when-cross-origin\" allowfullscreen><\/iframe>\n<\/div><\/figure>\n\n\n\n<h2 class=\"wp-block-heading\"><\/h2>\n","protected":false},"excerpt":{"rendered":"<p>L&rsquo;association Chemin des Etoiles est une association de soutien aux familles&nbsp; endeuill\u00e9s par la perte d&rsquo;un b\u00e9b\u00e9, pendant la grossesse, pendant l&rsquo;accouchement, ou la premi\u00e8re ann\u00e9e de vie. Sur notre site vous trouverez : Nos \u00e9v\u00e8nements :&nbsp; L\u00e2chers de ballons, marche du 15 octobre \u00ab journ\u00e9e internationale du deuil p\u00e9rinatal \u00bb, rencontres caf\u00e9-parents, le sapin de No\u00ebl, les ateliers Bien-\u00eatre et D\u00e9tente, les ateliers Loisirs et Cr\u00e9ations et tous les autre petits projets de l&rsquo;association. Prochain \u00e9v\u00e8nement : TRAIL DES&#8230;<\/p>\n<p class=\"read-more\"><a class=\"btn btn-default\" href=\"https:\/\/assochemindesetoiles.com\/\">Lire la suite<span class=\"screen-reader-text\"> Lire la suite<\/span><\/a><\/p>\n","protected":false},"author":2,"featured_media":0,"parent":0,"menu_order":0,"comment_status":"closed","ping_status":"closed","template":"elementor_theme","meta":{"footnotes":""},"class_list":["post-657","page","type-page","status-publish","hentry"],"_links":{"self":[{"href":"https:\/\/assochemindesetoiles.com\/index.php\/wp-json\/wp\/v2\/pages\/657","targetHints":{"allow":["GET"]}}],"collection":[{"href":"https:\/\/assochemindesetoiles.com\/index.php\/wp-json\/wp\/v2\/pages"}],"about":[{"href":"https:\/\/assochemindesetoiles.com\/index.php\/wp-json\/wp\/v2\/types\/page"}],"author":[{"embeddable":true,"href":"https:\/\/assochemindesetoiles.com\/index.php\/wp-json\/wp\/v2\/users\/2"}],"replies":[{"embeddable":true,"href":"https:\/\/assochemindesetoiles.com\/index.php\/wp-json\/wp\/v2\/comments?post=657"}],"version-history":[{"count":25,"href":"https:\/\/assochemindesetoiles.com\/index.php\/wp-json\/wp\/v2\/pages\/657\/revisions"}],"predecessor-version":[{"id":968,"href":"https:\/\/assochemindesetoiles.com\/index.php\/wp-json\/wp\/v2\/pages\/657\/revisions\/968"}],"wp:attachment":[{"href":"https:\/\/assochemindesetoiles.com\/index.php\/wp-json\/wp\/v2\/media?parent=657"}],"curies":[{"name":"wp","href":"https:\/\/api.w.org\/{rel}","templated":true}]}}

<div class="wp-block-group is-nowrap is-layout-flex wp-container-core-group-is-layout-ad2f72ca wp-block-group-is-layout-flex">
<p class="has-text-align-center has-text-color" style="color:#ea4974;font-size:34px">L&rsquo;association Chemin des Etoiles est une association de soutien aux familles&nbsp; endeuillés par la perte d&rsquo;un bébé, pendant la grossesse, pendant l&rsquo;accouchement, ou la première année de vie.</p>



<div class="wp-block-cover"><img fetchpriority="high" decoding="async" width="417" height="590" class="wp-block-cover__image-background wp-image-962" alt="" src="https://assochemindesetoiles.com/wp-content/uploads/2026/03/image.png" data-object-fit="cover" srcset="https://assochemindesetoiles.com/wp-content/uploads/2026/03/image.png 417w, https://assochemindesetoiles.com/wp-content/uploads/2026/03/image-212x300.png 212w, https://assochemindesetoiles.com/wp-content/uploads/2026/03/image-191x270.png 191w" sizes="(max-width: 417px) 100vw, 417px" /><span aria-hidden="true" class="wp-block-cover__background has-background-dim"></span><div class="wp-block-cover__inner-container is-layout-flow wp-block-cover-is-layout-flow">
<p class="has-text-align-center has-large-font-size"></p>
</div></div>
</div>



<h2 class="wp-block-heading has-text-align-center has-large-font-size">Sur notre site vous trouverez :</h2>



<p class="has-text-align-center"><strong><mark style="background-color:rgba(0, 0, 0, 0)" class="has-inline-color has-vivid-cyan-blue-color">Nos évènements :</mark></strong>&nbsp;</p>



<p class="has-text-align-center"><mark style="background-color:rgba(0, 0, 0, 0)" class="has-inline-color has-black-color">Lâchers de ballons, marche du 15 octobre « journée internationale du deuil périnatal », rencontres café-parents, le sapin de Noël, les ateliers Bien-être et Détente, les ateliers Loisirs et Créations et tous les autre petits projets de l&rsquo;association</mark><strong><mark style="background-color:rgba(0, 0, 0, 0)" class="has-inline-color has-black-color">.</mark></strong></p>



<p class="has-text-align-center"><strong>Prochain évènement :</strong></p>



<p class="has-text-align-center"><strong><mark style="background-color:rgba(0, 0, 0, 0);color:#f641cf" class="has-inline-color">TRAIL DES ETOILES</mark></strong></p>



<figure class="wp-block-image size-large is-resized"><img decoding="async" width="724" height="1024" src="https://assochemindesetoiles.com/wp-content/uploads/2026/03/image-1-724x1024.png" alt="" class="wp-image-963" style="width:840px;height:auto" srcset="https://assochemindesetoiles.com/wp-content/uploads/2026/03/image-1-724x1024.png 724w, https://assochemindesetoiles.com/wp-content/uploads/2026/03/image-1-212x300.png 212w, https://assochemindesetoiles.com/wp-content/uploads/2026/03/image-1-768x1086.png 768w, https://assochemindesetoiles.com/wp-content/uploads/2026/03/image-1-1086x1536.png 1086w, https://assochemindesetoiles.com/wp-content/uploads/2026/03/image-1-191x270.png 191w, https://assochemindesetoiles.com/wp-content/uploads/2026/03/image-1.png 1448w" sizes="(max-width: 724px) 100vw, 724px" /></figure>



<p class="has-text-align-center"><strong><mark style="background-color:rgba(0, 0, 0, 0)" class="has-inline-color has-black-color">Inscriptions via helloasso ( lien ci dessous )</mark></strong></p>



<p class="has-text-align-center"><a href="https://www.helloasso.com/.../even.../trail-des-etoiles-2026">https://www.helloasso.com/&#8230;/even&#8230;/trail-des-etoiles-2026</a></p>



<p class="has-text-align-center"><mark style="background-color:rgba(0, 0, 0, 0)" class="has-inline-color has-vivid-red-color"><img decoding="async" height="16" width="16" src="https://static.xx.fbcdn.net/images/emoji.php/v9/tdc/1/16/26a0.png" alt="⚠️">Save the date<img decoding="async" height="16" width="16" src="https://static.xx.fbcdn.net/images/emoji.php/v9/tdc/1/16/26a0.png" alt="⚠️"></mark></p>



<p class="has-text-align-center"><mark style="background-color:rgba(0, 0, 0, 0)" class="has-inline-color has-vivid-red-color">L&rsquo;association Chemin des Étoiles est heureuse vous annoncer l&rsquo;organisation de son trail annuel qui se déroulera le 22 mars 2026 à Marcellus (47).</mark></p>



<p class="has-text-align-center">N&rsquo;hésitez pas à visiter la page Facebook du trail pour être au courant des infos !</p>



<p class="has-text-align-center">Lien vers la page FB : <a href="https://fb.me/e/5jmv1ITY1">https://fb.me/e/5jmv1ITY1</a></p>



<p class="has-text-align-center">Merci à tous !<img loading="lazy" decoding="async" height="16" width="16" src="https://static.xx.fbcdn.net/images/emoji.php/v9/ted/1/16/1f4ab.png" alt="💫"></p>



<p class="has-text-align-center"><strong><mark style="background-color:rgba(0, 0, 0, 0)" class="has-inline-color has-vivid-cyan-blue-color">Les différents projets en cours ou à venir</mark></strong></p>



<p class="has-text-align-center"><strong><mark style="background-color:rgba(0, 0, 0, 0)" class="has-inline-color has-vivid-cyan-blue-color">Notre collaboration avec les maternités</mark></strong></p>



<p class="has-text-align-center"><strong><mark style="background-color:rgba(0, 0, 0, 0)" class="has-inline-color has-vivid-cyan-blue-color">Des informations pour aider l&rsquo;association</mark></strong></p>



<p class="has-text-align-center">&nbsp;(adhésions, divers dons, participation à la préparation des évènements, bénévolat le jour des évènements&#8230;)</p>



<p class="has-text-align-center"><strong><mark style="background-color:rgba(0, 0, 0, 0)" class="has-inline-color has-vivid-cyan-blue-color">Notre&nbsp; collaboration avec le Parc Cimetière de Mérignac</mark></strong></p>



<p class="has-text-align-center"><strong><mark style="background-color:rgba(0, 0, 0, 0)" class="has-inline-color has-vivid-cyan-blue-color">Les photos et vidéos&nbsp;de nos évènements passés</mark></strong></p>



<p class="has-text-align-center"><mark style="background-color:rgba(0, 0, 0, 0)" class="has-inline-color has-vivid-cyan-blue-color"><strong>Bibliothèque&nbsp;pour adultes et enfants, des reportages vidéos et radios sur le deuil périnatal</strong>.</mark></p>



<p class="has-text-align-center"><mark style="background-color:rgba(0, 0, 0, 0)" class="has-inline-color has-vivid-cyan-blue-color"><strong>Des informations sur vos droits</strong>&nbsp;</mark></p>



<p class="has-text-align-center">(législation, circulaires&#8230;)&nbsp;</p>



<ol style="font-style:normal;font-weight:300" class="wp-block-list">
<li></li>
</ol>



<p class="has-text-align-center has-pale-pink-color has-text-color">Nous vous souhaitons une bonne visite sur Chemin des Etoiles et nous espérons que vous trouverez les informations que vous cherchez.</p>



<p class="has-text-align-center has-vivid-red-color has-text-color has-medium-font-size">***<strong>Merci à nos adhérents de nous soutenir, derrière chacun de vous se cache une belle étoile</strong>***</p>



<p></p>



<p></p>



<figure class="wp-block-embed is-type-video is-provider-youtube wp-block-embed-youtube wp-embed-aspect-16-9 wp-has-aspect-ratio"><div class="wp-block-embed__wrapper">
<iframe title="Asso chemin des Etoiles, on danse pour la journée du 15 octobre" width="640" height="360" src="https://www.youtube.com/embed/NrBCSCVpsGs?feature=oembed" frameborder="0" allow="accelerometer; autoplay; clipboard-write; encrypted-media; gyroscope; picture-in-picture; web-share" referrerpolicy="strict-origin-when-cross-origin" allowfullscreen></iframe>
</div></figure>



<h2 class="wp-block-heading"></h2>

<p>L&rsquo;association Chemin des Etoiles est une association de soutien aux familles&nbsp; endeuillés par la perte d&rsquo;un bébé, pendant la grossesse, pendant l&rsquo;accouchement, ou la première année de vie. Sur notre site vous trouverez : Nos évènements :&nbsp; Lâchers de ballons, marche du 15 octobre « journée internationale du deuil périnatal », rencontres café-parents, le sapin de Noël, les ateliers Bien-être et Détente, les ateliers Loisirs et Créations et tous les autre petits projets de l&rsquo;association. Prochain évènement : TRAIL DES&#8230;</p>
<p class="read-more"><a class="btn btn-default" href="https://assochemindesetoiles.com/">Lire la suite<span class="screen-reader-text"> Lire la suite</span></a></p>
