{"id":526,"date":"2022-03-02T21:14:16","date_gmt":"2022-03-02T20:14:16","guid":{"rendered":"https:\/\/assochemindesetoiles.com\/?page_id=526"},"modified":"2022-03-02T21:14:16","modified_gmt":"2022-03-02T20:14:16","slug":"quand-les-medias-parlent-de-chemin-des-etoiles","status":"publish","type":"page","link":"https:\/\/assochemindesetoiles.com\/index.php\/quand-les-medias-parlent-de-chemin-des-etoiles\/","title":{"rendered":"Quand les m\u00e9dias parlent de Chemin des \u00e9toiles"},"content":{"rendered":"\n<figure class=\"wp-block-image is-resized\"><img fetchpriority=\"high\" decoding=\"async\" src=\"http:\/\/assochemindesetoiles.e-monsite.com\/medias\/images\/article2.jpg?fx=r_1200_800\" alt=\"Article2\" width=\"519\" height=\"800\"\/><\/figure>\n\n\n\n<figure class=\"wp-block-image\"><img decoding=\"async\" src=\"http:\/\/assochemindesetoiles.e-monsite.com\/medias\/images\/article-16-mars.jpg?fx=r_1200_800\" alt=\"Article 16 mars\"\/><\/figure>\n\n\n\n<p class=\"has-pale-pink-color has-text-color\"><strong><em>L\u00e2cher de ballons pour les parents endeuill\u00e9s<\/em><\/strong><\/p>\n\n\n\n<div data-wp-interactive=\"core\/file\" class=\"wp-block-file\"><object data-wp-bind--hidden=\"!state.hasPdfPreview\" hidden class=\"wp-block-file__embed\" data=\"https:\/\/assochemindesetoiles.com\/wp-content\/uploads\/2022\/03\/lacher-de-ballons-pour-parents-endeuilles.pdf\" type=\"application\/pdf\" style=\"width:100%;height:600px\" aria-label=\"Contenu embarqu\u00e9 Contenu embarqu\u00e9 lacher-de-ballons-pour-parents-endeuilles..\"><\/object><a id=\"wp-block-file--media-b49e3d33-1061-4f68-a302-675756c21de2\" href=\"https:\/\/assochemindesetoiles.com\/wp-content\/uploads\/2022\/03\/lacher-de-ballons-pour-parents-endeuilles.pdf\">lacher-de-ballons-pour-parents-endeuilles<\/a><a href=\"https:\/\/assochemindesetoiles.com\/wp-content\/uploads\/2022\/03\/lacher-de-ballons-pour-parents-endeuilles.pdf\" class=\"wp-block-file__button\" download aria-describedby=\"wp-block-file--media-b49e3d33-1061-4f68-a302-675756c21de2\">T\u00e9l\u00e9charger<\/a><\/div>\n\n\n\n<h2 class=\"has-pale-pink-color has-text-color wp-block-heading\"><strong>445 ballons ont pris le chemin des \u00e9toiles<\/strong><\/h2>\n\n\n\n<p><em>Article publi\u00e9 le 29\/09\/2014 dans le journal Sud-Ouest<\/em><\/p>\n\n\n\n<p><em>L\u00e2cher de ballons organis\u00e9 au Cap-Ferret<\/em><\/p>\n\n\n\n<div data-wp-interactive=\"core\/file\" class=\"wp-block-file\"><object data-wp-bind--hidden=\"!state.hasPdfPreview\" hidden class=\"wp-block-file__embed\" data=\"https:\/\/assochemindesetoiles.com\/wp-content\/uploads\/2022\/03\/article-sud-ouest.pdf\" type=\"application\/pdf\" style=\"width:100%;height:600px\" aria-label=\"Contenu embarqu\u00e9 Contenu embarqu\u00e9 article-sud-ouest..\"><\/object><a id=\"wp-block-file--media-62459fc4-299b-4ac9-8329-ac443bdf10f3\" href=\"https:\/\/assochemindesetoiles.com\/wp-content\/uploads\/2022\/03\/article-sud-ouest.pdf\">article-sud-ouest<\/a><a href=\"https:\/\/assochemindesetoiles.com\/wp-content\/uploads\/2022\/03\/article-sud-ouest.pdf\" class=\"wp-block-file__button\" download aria-describedby=\"wp-block-file--media-62459fc4-299b-4ac9-8329-ac443bdf10f3\">T\u00e9l\u00e9charger<\/a><\/div>\n","protected":false},"excerpt":{"rendered":"<p>L\u00e2cher de ballons pour les parents endeuill\u00e9s 445 ballons ont pris le chemin des \u00e9toiles Article publi\u00e9 le 29\/09\/2014 dans le journal Sud-Ouest L\u00e2cher de ballons organis\u00e9 au Cap-Ferret<\/p>\n","protected":false},"author":2,"featured_media":0,"parent":0,"menu_order":0,"comment_status":"closed","ping_status":"closed","template":"","meta":{"footnotes":""},"class_list":["post-526","page","type-page","status-publish","hentry"],"_links":{"self":[{"href":"https:\/\/assochemindesetoiles.com\/index.php\/wp-json\/wp\/v2\/pages\/526","targetHints":{"allow":["GET"]}}],"collection":[{"href":"https:\/\/assochemindesetoiles.com\/index.php\/wp-json\/wp\/v2\/pages"}],"about":[{"href":"https:\/\/assochemindesetoiles.com\/index.php\/wp-json\/wp\/v2\/types\/page"}],"author":[{"embeddable":true,"href":"https:\/\/assochemindesetoiles.com\/index.php\/wp-json\/wp\/v2\/users\/2"}],"replies":[{"embeddable":true,"href":"https:\/\/assochemindesetoiles.com\/index.php\/wp-json\/wp\/v2\/comments?post=526"}],"version-history":[{"count":1,"href":"https:\/\/assochemindesetoiles.com\/index.php\/wp-json\/wp\/v2\/pages\/526\/revisions"}],"predecessor-version":[{"id":530,"href":"https:\/\/assochemindesetoiles.com\/index.php\/wp-json\/wp\/v2\/pages\/526\/revisions\/530"}],"wp:attachment":[{"href":"https:\/\/assochemindesetoiles.com\/index.php\/wp-json\/wp\/v2\/media?parent=526"}],"curies":[{"name":"wp","href":"https:\/\/api.w.org\/{rel}","templated":true}]}}